 3, what is 11 - 202222221210?
-202222221122
In base 16, what is 9 - -11bd2f?
11bd38
In base 12, what is 8435b0 - -3?
8435b3
In base 13, what is 2c - 24bb9?
-24b8a
In base 3, what is -1010122200201 + 121?
-1010122200010
In base 10, what is 5 + 4093318?
4093323
In base 7, what is -3 + 26130602?
26130566
In base 11, what is 175a04883 + -2?
175a04881
In base 14, what is -12b436 + -1?
-12b437
In base 6, what is -3 - 315301215?
-315301222
In base 12, what is -109 - -14ba4?
14a97
In base 15, what is 219a + -b5c?
153d
In base 16, what is 1902 + -146d4?
-12dd2
In base 5, what is 13 + 3433112320?
3433112333
In base 15, what is -54b8484 - 0?
-54b8484
In base 6, what is -11 + 5431034221?
5431034210
In base 9, what is 461012 + -53?
460848
In base 16, what is -e32e19f + 1?
-e32e19e
In base 14, what is -941cb4 - 5?
-941cb9
In base 6, what is -13234515055 - 5?
-13234515104
In base 4, what is -3332221 + 12310?
-3313311
In base 11, what is -2280 - -210aa?
1992a
In base 3, what is 2102221112101 - -101212?
2102221221020
In base 16, what is 59f + -b93?
-5f4
In base 12, what is 4a08 - 64a?
437a
In base 8, what is 403173 - -11614?
415007
In base 8, what is 161 - 176024?
-175643
In base 11, what is 17606 + -494?
17122
In base 8, what is 20547 - 3233?
15314
In base 2, what is -1001001101101100 + -110010001111011?
-1111011111100111
In base 2, what is 101011001101001111100100 + 101?
101011001101001111101001
In base 4, what is 22231033232 + 11?
22231033303
In base 4, what is -13330 + 201212231?
201132301
In base 9, what is -135 - 4418?
-4554
In base 8, what is -4 + 2027447?
2027443
In base 13, what is 233382 - 50?
233332
In base 14, what is -1221 + -329?
-154a
In base 6, what is -52 - -4440221?
4440125
In base 12, what is 5 - -32349441?
32349446
In base 11, what is 228 + -1a1125?
-1a09a8
In base 15, what is 21a99 + 7?
21aa1
In base 5, what is -4002014140 - 42?
-4002014232
In base 13, what is -469c304 - -2?
-469c302
In base 10, what is -2523910 - -5?
-2523905
In base 3, what is 10112100120212 - 2?
10112100120210
In base 14, what is 1669 - 15d85?
-1471a
In base 16, what is 4 + -ce98e6?
-ce98e2
In base 16, what is 18 + 24c604?
24c61c
In base 11, what is -40a3712 + 1?
-40a3711
In base 15, what is -c96b - 81?
-c9ec
In base 7, what is -1224 - 12353?
-13610
In base 8, what is -15 - 13614440?
-13614455
In base 14, what is -a2 + -1733b?
-173dd
In base 15, what is -420489 + 46?
-420443
In base 2, what is 1010 - -100000010000110110011011101?
100000010000110110011100111
In base 5, what is -4434 + -122143?
-132132
In base 16, what is 13a - -75b0a?
75c44
In base 15, what is 1080 - -436?
14b6
In base 4, what is -3103103001200 - 12?
-3103103001212
In base 7, what is 1330020 - -134?
1330154
In base 12, what is 20 + 73348b?
7334ab
In base 9, what is 60146201 - 14?
60146176
In base 3, what is 1102100021021102 - -11?
1102100021021120
In base 8, what is 1142036 + 335?
1142373
In base 11, what is -4 + 8745498?
8745494
In base 8, what is -147 + 520521?
520352
In base 14, what is 904da - -13?
9050d
In base 3, what is -1 + 22102021021101?
22102021021100
In base 15, what is -3056 + bd?
-2e88
In base 10, what is 2 + -110675184?
-110675182
In base 14, what is 396265dc + -1?
396265db
In base 14, what is 4 - 369317?
-369313
In base 12, what is 43037 - 1a38?
411bb
In base 5, what is -4 - 124320431410?
-124320431414
In base 11, what is 686 - 2a5877?
-2a51a1
In base 14, what is c - 2da1a?
-2da0c
In base 6, what is -4 + 1021452514?
1021452510
In base 9, what is 105874373 - -7?
105874381
In base 15, what is 19c388c + 2?
19c388e
In base 2, what is 1010110101 + -1000101011?
10001010
In base 9, what is 1802701 - 311?
1802380
In base 9, what is 153 - 456355?
-456202
In base 4, what is 203211 + -11002000?
-10132123
In base 6, what is 2135115 + -2540?
2132135
In base 12, what is 64772b2 - -5?
64772b7
In base 7, what is 302 - 111615?
-111313
In base 14, what is 10b86 - 1329?
d85b
In base 12, what is -175b - 2116?
-3875
In base 9, what is -57224 + 404?
-56720
In base 6, what is -14054500342 + -5?
-14054500351
In base 6, what is 14011125 + -4?
14011121
In base 5, what is -1231432 - 324?
-1232311
In base 2, what is 1010 + 1100100100010001000111?
1100100100010001010001
In base 2, what is 11100010011 + 101000000001?
1000100010100
In base 10, what is 609530 - 5?
609525
In base 14, what is 1 - 289c552?
-289c551
In base 10, what is 93 + 6823602?
6823695
In base 13, what is -1070 - 3a43?
-4ab3
In base 15, what is 43c - -14265?
146a2
In base 5, what is -23102224 + 2004?
-23100220
In base 14, what is 3a821 + 3?
3a824
In base 11, what is -1 - 30278715?
-30278716
In base 12, what is 3 + -747471?
-74746a
In base 8, what is 605266436 - 3?
605266433
In base 12, what is -967047 - 20?
-967067
In base 14, what is -356768c + 1?
-356768b
In base 11, what is 3 - -272511a?
2725122
In base 9, what is -656 + -10187?
-10854
In base 6, what is -22 + 153500245?
153500223
In base 5, what is -22344442332 + 4?
-22344442323
In base 8, what is 267 - 75336?
-75047
In base 5, what is -33124 + -124422?
-213101
In base 14, what is -262c + -60?
-268c
In base 10, what is -12 + 1154251?
1154239
In base 16, what is 9db + dac8?
e4a3
In base 10, what is -247458544 + 5?
-247458539
In base 15, what is -61c - ba5?
-12c2
In base 12, what is -183238a4 + 3?
-183238a1
In base 10, what is 70 + 1057690?
1057760
In base 13, what is 1305 - 1b6c6?
-1a3c1
In base 5, what is 343014 - 4124?
333340
In base 5, what is -2342 + -43001130?
-43004022
In base 3, what is 2011122022 + -21111200?
1220010122
In base 9, what is 0 - -2723748?
2723748
In base 4, what is -2202211323110002 + -10?
-2202211323110012
In base 6, what is -3341 - -523043?
515302
In base 7, what is -40331 + 421?
-36610
In base 8, what is 31 - -156540?
156571
In base 14, what is 1 - -2d499d7?
2d499d8
In base 15, what is 32a09 + -64?
32995
In base 5, what is 3 + -1140000442?
-1140000434
In base 9, what is -28 - 2253486?
-2253525
In base 9, what is -8454755 - -6?
-8454748
In base 8, what is 5 - 45342200?
-45342173
In base 16, what is -3c4af + -86?
-3c535
In base 9, what is -3 - 27243074?
-27243077
In base 5, what is -2413200414 + 10?
-2413200404
In base 16, what is 4 + 3be7e0c?
3be7e10
In base 5, what is -10 + -412112242?
-412112302
In base 2, what is 110001010 - 11001111111011?
-11001001110001
In base 13, what is -58a0c77c + 2?
-58a0c77a
In base 7, what is -22224 + -40166?
-62423
In base 15, what is -4c + -3a0586?
-3a05d3
In base 2, what is -1100011111 - 111101000001011?
-111110100101010
In base 3, what is 10120021221220002 + 0?
10120021221220002
In base 13, what is 1284c - 7399?
8483
In base 6, what is -305310402 - -5?
-305310353
In base 4, what is 32 - -101032132?
101032230
In base 6, what is -2 - 22020534330?
-22020534332
In base 7, what is 1011262 + -2510?
1005452
In base 6, what is -41514031 + 31?
-41514000
In base 3, what is -11 + -12220111000?
-12220111011
In base 4, what is 111333213 + -11113?
111322100
In base 16, what is -5 + 372bfe?
372bf9
In base 4, what is 3210 + 20323220?
20333030
In base 10, what is -3109074 - -78?
-3108996
In base 12, what is 37 + 439ab9?
439b34
In base 6, what is 510221445 - -5?
510221454
In base 15, what is -a129c81 + -2?
-a129c83
In base 11, what is -371 + 90632?
90271
In base 6, what is 33310 + 5104?
42414
In base 9, what is -70 + -152241?
-152321
In base 14, what is -299b2d - 14?
-299b43
In base 11, what is -31 + -1a0a7?
-1a128
In base 8, what is -634 - 161657?
-162513
In base 14, what is -609bb - 97?
-60a74
In base 10, what is 228 - 1519196?
-1518968
In base 9, what is -102382 - 131?
-102523
In base 16, what is ad - -e21e?
e2cb
In base 16, what is -8c2c4d - 5?
-8c2c52
In base 5, what is -23012210 - -42123?
-22420032
In base 9, what is -34442 + 884?
-33447
In base 7, what is -14110431 - -2?
-14110426
In base 9, what is 7100580 + 58?
7100648
In base 3, what is 121012022111022 - -21?
121012022111120
In base 9, what is -107442 + -103?
-107545
In base 11, what is 10 + -6895088?
-6895078
In base 6, what is 3212303 - -1104?
3213411
In base 14, what is -c5b1 + 67b5?
-5bda
In base 15, what is -11599b8e + -3?
-11599b92
In base 3, what is -20000 + -2022201202?
-2022221202
In base 11, what is -1 + 3606185a?
36061859
In base 4, what is -102102100 + -1333?
-102110033
In base 7, w